{"id":293,"date":"2020-04-18T16:32:19","date_gmt":"2020-04-18T15:32:19","guid":{"rendered":"http:\/\/www.hugobonatti.at\/?page_id=293"},"modified":"2020-04-18T16:32:49","modified_gmt":"2020-04-18T15:32:49","slug":"das-tal-der-hasslichen","status":"publish","type":"page","link":"https:\/\/www.hugobonatti.at\/?page_id=293","title":{"rendered":"Das Tal der H\u00e4sslichen"},"content":{"rendered":"<p>Bonattis <i>Tal der H\u00e4sslichen<\/i> ist eines der merkw\u00fcrdigsten B\u00fccher, die mir je be-gegnet sind. Es beschreibt die Reise durch ein ringf\u00f6rmiges Tal; aber es ist kein geographisches Buch. Es ist darin von seltsamen Talbewohnern die Rede; aber es ist kein ethnologisches Buch. Es werden sonderbare Riten und Kulthandlun-gen beschrieben; aber es ist kein religionswissenschaftliches Buch. Es ist rand-voll von seelischen Erfahrungen; aber es ist kein psychologisches Buch. Es ist dies alles ebenso wenig, wie etwa Saint-Exup\u00e9rys \u201aStadt in der W\u00fcste\u2018 ein geographisches, ethnologisches, religionsgeschichtliches oder psychologisches Werk ist, und doch liegt in beiden Werken das Wesentliche all dieser Bereiche eingeschlossen, ist in den vielf\u00e4ltigen Kosmos eingegangen, der sich in ihnen und aus ihnen offenbart. Es ist das unentwegte Umkreisen einer verlorenen Mitte! Die Unwirklichkeit der Szenerie wird zum Spiegelbild einer Wirklichkeit, der wir mit allen tr\u00fcgerischen Effekten unseres technischen Fortschritts aus-weichen\u00a0 wollen. Die Perlenkette der einzelnen Kapitel wird zu einem fort-schreitenden Psychogramm einer Seele, die ihren Standort zwar kennt, aber dessen Position f\u00fcr die objektive Festlegung der geforderten Koordinaten nicht mehr bestimmen kann \u2013 einer Seele, die hofft und zugleich f\u00fcrchtet, ins eigene Fadenkreuz zu gelangen, im Brennpunkt der Selbsterkenntnis zu zerschmelzen und diese Suche dennoch auf sich genommen hat, in der Hoffnung, dem unbe-kannten Feuer standhalten zu k\u00f6nnen\u2026<\/p>\n","protected":false},"excerpt":{"rendered":"<p>Bonattis Tal der H\u00e4sslichen ist eines der merkw\u00fcrdigsten B\u00fccher, die mir je be-gegnet sind. Es beschreibt die Reise durch ein ringf\u00f6rmiges Tal; aber es ist kein geographisches Buch. Es ist darin von seltsamen Talbewohnern die Rede; aber es ist kein &hellip; <a href=\"https:\/\/www.hugobonatti.at\/?page_id=293\">Weiterlesen <span class=\"meta-nav\">&rarr;<\/span><\/a><\/p>\n","protected":false},"author":1,"featured_media":0,"parent":265,"menu_order":6,"comment_status":"closed","ping_status":"closed","template":"","meta":[],"_links":{"self":[{"href":"https:\/\/www.hugobonatti.at\/index.php?rest_route=\/wp\/v2\/pages\/293"}],"collection":[{"href":"https:\/\/www.hugobonatti.at\/index.php?rest_route=\/wp\/v2\/pages"}],"about":[{"href":"https:\/\/www.hugobonatti.at\/index.php?rest_route=\/wp\/v2\/types\/page"}],"author":[{"embeddable":true,"href":"https:\/\/www.hugobonatti.at\/index.php?rest_route=\/wp\/v2\/users\/1"}],"replies":[{"embeddable":true,"href":"https:\/\/www.hugobonatti.at\/index.php?rest_route=%2Fwp%2Fv2%2Fcomments&post=293"}],"version-history":[{"count":4,"href":"https:\/\/www.hugobonatti.at\/index.php?rest_route=\/wp\/v2\/pages\/293\/revisions"}],"predecessor-version":[{"id":298,"href":"https:\/\/www.hugobonatti.at\/index.php?rest_route=\/wp\/v2\/pages\/293\/revisions\/298"}],"up":[{"embeddable":true,"href":"https:\/\/www.hugobonatti.at\/index.php?rest_route=\/wp\/v2\/pages\/265"}],"wp:attachment":[{"href":"https:\/\/www.hugobonatti.at\/index.php?rest_route=%2Fwp%2Fv2%2Fmedia&parent=293"}],"curies":[{"name":"wp","href":"https:\/\/api.w.org\/{rel}","templated":true}]}}